{"id":8908,"date":"2023-09-20T12:44:53","date_gmt":"2023-09-20T17:44:53","guid":{"rendered":"https:\/\/www.autorepuestosdistrinissan.com\/web\/?post_type=product&#038;p=8908"},"modified":"2025-04-11T16:47:38","modified_gmt":"2025-04-11T21:47:38","slug":"motul-multi-atf","status":"publish","type":"product","link":"https:\/\/www.autorepuestosdistrinissan.com\/web\/producto\/motul-multi-atf\/","title":{"rendered":"MOTUL MULTI ATF"},"content":{"rendered":"<p>\ud83d\udd01 CAMBIOS SUAVES, MANEJO PRECISO \ud83d\udd01<br \/>\nMOTUL MULTI ATF \u2013 Rendimiento superior para tu transmisi\u00f3n autom\u00e1tica<\/p>\n<p>Protege y optimiza el sistema de transmisi\u00f3n de tu veh\u00edculo con Motul Multi ATF, un fluido de transmisi\u00f3n autom\u00e1tica 100% sint\u00e9tico, formulado para ofrecer m\u00e1xima compatibilidad con una amplia gama de transmisiones autom\u00e1ticas modernas.<\/p>\n<p>\u2699\ufe0f Especificaciones destacadas:<\/p>\n<p>100% sint\u00e9tico, dise\u00f1ado para transmisiones autom\u00e1ticas convencionales, secuenciales, con convertidor de par, y algunas cajas de direcci\u00f3n asistida.<\/p>\n<p>Compatible con gran variedad de normas OEM (GM, Ford, Toyota, Nissan, Honda, BMW, Mercedes-Benz, entre otros).<\/p>\n<p>Excelente estabilidad t\u00e9rmica y resistencia a la oxidaci\u00f3n.<\/p>\n<p>Asegura cambios de marcha suaves, sin sacudidas ni ruidos.<\/p>\n<p>Proporciona una larga vida \u00fatil del fluido y una protecci\u00f3n \u00f3ptima contra el desgaste.<\/p>\n<p>\ud83d\udee1\ufe0f \u00a1Cuida tu transmisi\u00f3n como se merece! Con Motul Multi ATF, cada cambio es sin\u00f3nimo de precisi\u00f3n y durabilidad.<\/p>\n","protected":false},"excerpt":{"rendered":"<p>-100% SINTETICO<br \/>\n-CALIDAD ALTA A BAJO COSTO<\/p>\n","protected":false},"featured_media":8909,"comment_status":"closed","ping_status":"closed","template":"","meta":{"_et_pb_use_builder":"","_et_pb_old_content":"","_et_gb_content_width":""},"product_cat":[22],"product_tag":[],"class_list":{"0":"post-8908","1":"product","2":"type-product","3":"status-publish","4":"has-post-thumbnail","6":"product_cat-lubricantes","8":"first","9":"instock","10":"shipping-taxable","11":"purchasable","12":"product-type-simple"},"jetpack_sharing_enabled":true,"_links":{"self":[{"href":"https:\/\/www.autorepuestosdistrinissan.com\/web\/wp-json\/wp\/v2\/product\/8908","targetHints":{"allow":["GET"]}}],"collection":[{"href":"https:\/\/www.autorepuestosdistrinissan.com\/web\/wp-json\/wp\/v2\/product"}],"about":[{"href":"https:\/\/www.autorepuestosdistrinissan.com\/web\/wp-json\/wp\/v2\/types\/product"}],"replies":[{"embeddable":true,"href":"https:\/\/www.autorepuestosdistrinissan.com\/web\/wp-json\/wp\/v2\/comments?post=8908"}],"wp:featuredmedia":[{"embeddable":true,"href":"https:\/\/www.autorepuestosdistrinissan.com\/web\/wp-json\/wp\/v2\/media\/8909"}],"wp:attachment":[{"href":"https:\/\/www.autorepuestosdistrinissan.com\/web\/wp-json\/wp\/v2\/media?parent=8908"}],"wp:term":[{"taxonomy":"product_cat","embeddable":true,"href":"https:\/\/www.autorepuestosdistrinissan.com\/web\/wp-json\/wp\/v2\/product_cat?post=8908"},{"taxonomy":"product_tag","embeddable":true,"href":"https:\/\/www.autorepuestosdistrinissan.com\/web\/wp-json\/wp\/v2\/product_tag?post=8908"}],"curies":[{"name":"wp","href":"https:\/\/api.w.org\/{rel}","templated":true}]}}