{"id":7736,"date":"2022-03-10T10:59:19","date_gmt":"2022-03-10T15:59:19","guid":{"rendered":"https:\/\/www.autorepuestosdistrinissan.com\/web\/?post_type=product&#038;p=7736"},"modified":"2023-10-27T16:20:06","modified_gmt":"2023-10-27T21:20:06","slug":"kit-nissan-frontier-16-valvulas-reparticion-o-distribucion","status":"publish","type":"product","link":"https:\/\/www.autorepuestosdistrinissan.com\/web\/producto\/kit-nissan-frontier-16-valvulas-reparticion-o-distribucion\/","title":{"rendered":"KIT NISSAN FRONTIER 16 VALVULAS REPARTICI\u00d3N O DISTRIBUCI\u00d3N"},"content":{"rendered":"<p>KIT NISSAN FRONTIER 16 VALVULAS REPARTICI\u00d3N O DISTRIBUCI\u00d3N, CONJUNTO REPARTICI\u00d3N INCLUYE PI\u00d1ONES, CADENAS Y TENSORES<\/p>\n","protected":false},"excerpt":{"rendered":"<p>-GARANT\u00cdA 90 D\u00cdAS<br \/>\n-PA\u00cdS DE ORIGEN JAP\u00d3N<\/p>\n","protected":false},"featured_media":9069,"comment_status":"closed","ping_status":"closed","template":"","meta":{"_et_pb_use_builder":"","_et_pb_old_content":"","_et_gb_content_width":""},"product_cat":[38,48,79],"product_tag":[],"class_list":{"0":"post-7736","1":"product","2":"type-product","3":"status-publish","4":"has-post-thumbnail","6":"product_cat-automoviles","7":"product_cat-nissan","8":"product_cat-motor-nissan","10":"first","11":"instock","12":"shipping-taxable","13":"purchasable","14":"product-type-simple"},"jetpack_sharing_enabled":true,"_links":{"self":[{"href":"https:\/\/www.autorepuestosdistrinissan.com\/web\/wp-json\/wp\/v2\/product\/7736","targetHints":{"allow":["GET"]}}],"collection":[{"href":"https:\/\/www.autorepuestosdistrinissan.com\/web\/wp-json\/wp\/v2\/product"}],"about":[{"href":"https:\/\/www.autorepuestosdistrinissan.com\/web\/wp-json\/wp\/v2\/types\/product"}],"replies":[{"embeddable":true,"href":"https:\/\/www.autorepuestosdistrinissan.com\/web\/wp-json\/wp\/v2\/comments?post=7736"}],"wp:featuredmedia":[{"embeddable":true,"href":"https:\/\/www.autorepuestosdistrinissan.com\/web\/wp-json\/wp\/v2\/media\/9069"}],"wp:attachment":[{"href":"https:\/\/www.autorepuestosdistrinissan.com\/web\/wp-json\/wp\/v2\/media?parent=7736"}],"wp:term":[{"taxonomy":"product_cat","embeddable":true,"href":"https:\/\/www.autorepuestosdistrinissan.com\/web\/wp-json\/wp\/v2\/product_cat?post=7736"},{"taxonomy":"product_tag","embeddable":true,"href":"https:\/\/www.autorepuestosdistrinissan.com\/web\/wp-json\/wp\/v2\/product_tag?post=7736"}],"curies":[{"name":"wp","href":"https:\/\/api.w.org\/{rel}","templated":true}]}}